{"id":1588,"date":"2024-08-25T13:57:20","date_gmt":"2024-08-25T13:57:20","guid":{"rendered":"https:\/\/www.viscardi.ch\/USA2024\/?page_id=1588"},"modified":"2024-08-26T15:25:48","modified_gmt":"2024-08-26T15:25:48","slug":"brancion","status":"publish","type":"page","link":"https:\/\/www.viscardi.ch\/USA2024\/brancion\/","title":{"rendered":"Brancion"},"content":{"rendered":"\n<h4 class=\"wp-block-heading\">Referenzen<\/h4>\n\n\n\n<p><a href=\"https:\/\/www.burgund-tourismus.com\/alle-schlosser\/chateau-de-brancion\">Burgund-Toursimus<\/a><br><a href=\"https:\/\/de.wikipedia.org\/wiki\/Brancion\">Wikipedia<\/a><\/p>\n\n\n\n<hr class=\"wp-block-separator has-alpha-channel-opacity\"\/>\n\n\n\n<h4 class=\"wp-block-heading\">Einleitung<\/h4>\n\n\n\n<p>Im Herzen der romanischen Stra\u00dfe, die die Abteien von Tournus und Cluny verbindet, auf einem Felsvorsprung gelegen, empf\u00e4ngt Sie Brancion und nimmt Sie mit auf eine Entdeckungsreise in ein vertr\u00e4umtes Mittelalter: befestigtes Tor, Bergfried, der das Dorf und die romanische Kirche \u00fcberragt, au\u00dfergew\u00f6hnliche Panoramen und Flanieren in einem vollst\u00e4ndig autofreien Ort. Das Schloss liegt inmitten einer gr\u00fcnen Oase und ist ein Ort, an dem die Zeit stillzustehen scheint. Die Besonderheit des Schlosses ist, dass es eine Entwicklung der Schlossarchitektur von der Karolingerzeit bis zu den Religionskriegen zeigt.<\/p>\n\n\n\n<figure class=\"wp-block-image size-large\"><img loading=\"lazy\" decoding=\"async\" width=\"1024\" height=\"489\" src=\"https:\/\/www.viscardi.ch\/USA2024\/wp-content\/uploads\/2024\/08\/image-7-1024x489.png\" alt=\"\" class=\"wp-image-1709\" srcset=\"https:\/\/www.viscardi.ch\/USA2024\/wp-content\/uploads\/2024\/08\/image-7-1024x489.png 1024w, https:\/\/www.viscardi.ch\/USA2024\/wp-content\/uploads\/2024\/08\/image-7-300x143.png 300w, https:\/\/www.viscardi.ch\/USA2024\/wp-content\/uploads\/2024\/08\/image-7-768x367.png 768w, https:\/\/www.viscardi.ch\/USA2024\/wp-content\/uploads\/2024\/08\/image-7-1536x734.png 1536w, https:\/\/www.viscardi.ch\/USA2024\/wp-content\/uploads\/2024\/08\/image-7-2048x979.png 2048w, https:\/\/www.viscardi.ch\/USA2024\/wp-content\/uploads\/2024\/08\/image-7-1000x478.png 1000w, https:\/\/www.viscardi.ch\/USA2024\/wp-content\/uploads\/2024\/08\/image-7-230x110.png 230w, https:\/\/www.viscardi.ch\/USA2024\/wp-content\/uploads\/2024\/08\/image-7-350x167.png 350w, https:\/\/www.viscardi.ch\/USA2024\/wp-content\/uploads\/2024\/08\/image-7-480x229.png 480w\" sizes=\"(max-width: 1024px) 100vw, 1024px\" \/><\/figure>\n\n\n\n<p>Hier eine \u00dcbersicht im Video:<\/p>\n\n\n\n<figure class=\"wp-block-embed is-type-video is-provider-youtube wp-block-embed-youtube wp-embed-aspect-16-9 wp-has-aspect-ratio\"><div class=\"wp-block-embed__wrapper\">\n<iframe loading=\"lazy\" title=\"Ch\u00e2teau de Brancion (vid\u00e9o drone)\" width=\"1170\" height=\"658\" src=\"https:\/\/www.youtube.com\/embed\/atvoWvryAVo?feature=oembed\" frameborder=\"0\" allow=\"accelerometer; autoplay; clipboard-write; encrypted-media; gyroscope; picture-in-picture; web-share\" referrerpolicy=\"strict-origin-when-cross-origin\" allowfullscreen><\/iframe>\n<\/div><\/figure>\n\n\n\n<hr class=\"wp-block-separator has-alpha-channel-opacity\"\/>\n\n\n\n<h4 class=\"wp-block-heading\">ChatGPT<\/h4>\n\n\n\n<p>In Brancion, einem charmanten mittelalterlichen Dorf in Frankreich, gibt es einige sehenswerte Orte und Aktivit\u00e4ten, die Sie erkunden k\u00f6nnen. Hier sind einige Highlights, die Sie sich in Brancion anschauen sollten:<\/p>\n\n\n\n<p><strong>Das Schloss von Brancion<\/strong>: Besuchen Sie diese gut erhaltene mittelalterliche Burg und genie\u00dfen Sie die Aussicht von oben.<\/p>\n\n\n\n<p><strong>Die Kirche Saint-Pierre<\/strong>: Besichtigen Sie diese romanische Kirche aus dem 11. Jahrhundert und bewundern Sie die Architektur und die verzierten Details.<\/p>\n\n\n\n<p><strong>Der Dorfplatz<\/strong>: Schlendern Sie durch die engen Gassen und genie\u00dfen Sie die malerische Atmosph\u00e4re des Dorfes.<\/p>\n\n\n\n<p><strong>Die Umgebung<\/strong>: Erkunden Sie die umliegende Landschaft, Spazierg\u00e4nge entlang der Weinberge und genie\u00dfen Sie die Ruhe und Sch\u00f6nheit der Natur.<\/p>\n\n\n\n<hr class=\"wp-block-separator has-alpha-channel-opacity\"\/>\n\n\n\n<h4 class=\"wp-block-heading\">Wikipedia<\/h4>\n\n\n\n<p>Brancion ist ein kleiner Ort westlich von Tournus in der Region Bourgogne-Franche-Comt\u00e9 in Frankreich. Er geh\u00f6rt zur Gemeinde Martailly-l\u00e8s-Brancion im D\u00e9partement Sa\u00f4ne-et-Loire. Trotz seiner geringen Gr\u00f6\u00dfe ist der Ort f\u00fcr den Tourismus von Bedeutung. Hier sind Teile eines alten Dorfes noch belebt und es ist eine Kirche aus dem 12. Jahrhundert vorhanden. Brancion kann nicht nur mit dieser mittelalterlichen Kirche aufwarten, sondern auch mit einer Burganlage.<\/p>\n\n\n\n<p>Am Rand des Dorfes steht die Kirche Saint-Pierre. Sie war immer so unbedeutend, dass sie nie ver\u00e4ndert wurde. Das hat den gro\u00dfen Vorteil, dass man hier einen originalen Raumeindruck einer kleinen Dorfkirche aus dem 12. Jahrhundert erleben kann. Der Bau ist ganz aus ockerfarbenen&nbsp;<a href=\"https:\/\/de.wikipedia.org\/wiki\/Bruchstein\">Bruchsteinen<\/a>&nbsp;errichtet, auch das Dach und die Spitze des&nbsp;<a href=\"https:\/\/de.wikipedia.org\/wiki\/Vierung\">Vierungsturms<\/a>.<\/p>\n\n\n\n<p>Hier sieht man auch eine Eigent\u00fcmlichkeit der fr\u00fchen burgundischen Kirchen, das sogenannte \u201enef obscur\u201c, also das dunkle&nbsp;<a href=\"https:\/\/de.wikipedia.org\/wiki\/Kirchenschiff\">Kirchenschiff<\/a>, ein Mittelschiff mit L\u00e4ngstonne ohne&nbsp;<a href=\"https:\/\/de.wikipedia.org\/wiki\/Obergaden\">Obergadenfenster<\/a>&nbsp;und relativ hohen Seitenschiffen, die oft mit dem Mittelschiff unter einem Dach zusammengefasst werden wie hier. Das ist eine vereinfachte Bauweise, die es erst gar nicht riskierte, das Gew\u00f6lbe durch Fenster zu gef\u00e4hrden. Licht kommt nur vom Eingang, vom&nbsp;<a href=\"https:\/\/de.wikipedia.org\/wiki\/Chor_(Architektur)\">Chor<\/a>&nbsp;und von winzigen Fenstern in den Seitenmauern.<\/p>\n\n\n\n<p>Der Boden ist mit gro\u00dfen unregelm\u00e4\u00dfigen Steinplatten ausgelegt, die mittlerweile durch die lange Benutzung einen marmor\u00e4hnlichen Glanz an der Oberfl\u00e4che angenommen haben.<\/p>\n\n\n\n<p>Dieses kleine Idealbild einer&nbsp;<a href=\"https:\/\/de.wikipedia.org\/wiki\/Romanik\">romanischen<\/a>&nbsp;Kirche erinnert in der Bautechnik an die Kirche&nbsp;<a href=\"https:\/\/de.wikipedia.org\/wiki\/St-Philibert_(Tournus)\">St-Philibert (Tournus)<\/a>&nbsp;mit dem Mauerwerk aus kleinen Bruchsteinen in dicken M\u00f6rtellagen, mit dem sp\u00e4rlichen Baudekor und mit einfachen&nbsp;<a href=\"https:\/\/de.wikipedia.org\/wiki\/Lisene\">Lisenen<\/a>&nbsp;als einziger Wandgliederung. Saint Pierre zeigt mit seinem Spitztonnengew\u00f6lbe jedoch bereits den Einfluss der Abteikirche von&nbsp;<a href=\"https:\/\/de.wikipedia.org\/wiki\/Abtei_Cluny\">Cluny<\/a>&nbsp;III. Im Inneren der Kirche zeigen stark verwitterte Wandmalereien in der Chorapsis Christus als Weltenrichter mit den vier Evangelistensymbolen, den zw\u00f6lf Aposteln und den Auferstehenden. In der s\u00fcdlichen Nebenapsis sieht man Pilger vor einer Kirche, im Seitenschiff zwei Szenen mit der Aufnahme der Seelen in Abrahams Scho\u00df. Die liegende Grabfigur im Langhaus aus der Zeit um 1250 k\u00f6nnte den Kreuzfahrer Josserand III. darstellen, kam aber erst in neuerer Zeit aus einem Schlosspark hierher.<\/p>\n\n\n\n<hr class=\"wp-block-separator has-alpha-channel-opacity\"\/>\n\n\n\n<h4 class=\"wp-block-heading\">Preise und Zeiten<\/h4>\n\n\n\n<p>\u00d6ffnung\u00a0: Vom 30\/03\/24 am 15\/11\/24 von 10:00 nach 12:30 &#8211; von 13:15 nach 18:30<br>T\u00e4glich ge\u00f6ffnet vom 30.03.2024 bis zum 15.11.2024 von 10:00 bis 12:30 Uhr und von 13:15 bis 18:30 Uhr.<\/p>\n\n\n\n<p>Preise\u00a0: Normalpreis f\u00fcr Erwachsene (Audioguide angeboten)\u00a0:\u00a08\u20ac<\/p>\n","protected":false},"excerpt":{"rendered":"<p>Referenzen Burgund-ToursimusWikipedia Einleitung Im Herzen der romanischen Stra\u00dfe, die die Abteien von Tournus und Cluny verbindet, auf einem Felsvorsprung gelegen, empf\u00e4ngt Sie Brancion und nimmt Sie mit auf eine Entdeckungsreise in ein vertr\u00e4umtes Mittelalter: befestigtes Tor, Bergfried, der das Dorf und die romanische Kirche \u00fcberragt, au\u00dfergew\u00f6hnliche Panoramen und Flanieren in [&hellip;]<\/p>\n","protected":false},"author":1,"featured_media":1708,"parent":0,"menu_order":0,"comment_status":"closed","ping_status":"closed","template":"","meta":{"pgc_sgb_lightbox_settings":"","footnotes":""},"class_list":["post-1588","page","type-page","status-publish","has-post-thumbnail","hentry"],"_links":{"self":[{"href":"https:\/\/www.viscardi.ch\/USA2024\/wp-json\/wp\/v2\/pages\/1588"}],"collection":[{"href":"https:\/\/www.viscardi.ch\/USA2024\/wp-json\/wp\/v2\/pages"}],"about":[{"href":"https:\/\/www.viscardi.ch\/USA2024\/wp-json\/wp\/v2\/types\/page"}],"author":[{"embeddable":true,"href":"https:\/\/www.viscardi.ch\/USA2024\/wp-json\/wp\/v2\/users\/1"}],"replies":[{"embeddable":true,"href":"https:\/\/www.viscardi.ch\/USA2024\/wp-json\/wp\/v2\/comments?post=1588"}],"version-history":[{"count":3,"href":"https:\/\/www.viscardi.ch\/USA2024\/wp-json\/wp\/v2\/pages\/1588\/revisions"}],"predecessor-version":[{"id":1710,"href":"https:\/\/www.viscardi.ch\/USA2024\/wp-json\/wp\/v2\/pages\/1588\/revisions\/1710"}],"wp:featuredmedia":[{"embeddable":true,"href":"https:\/\/www.viscardi.ch\/USA2024\/wp-json\/wp\/v2\/media\/1708"}],"wp:attachment":[{"href":"https:\/\/www.viscardi.ch\/USA2024\/wp-json\/wp\/v2\/media?parent=1588"}],"curies":[{"name":"wp","href":"https:\/\/api.w.org\/{rel}","templated":true}]}}