{"id":1598,"date":"2024-08-25T14:11:07","date_gmt":"2024-08-25T14:11:07","guid":{"rendered":"https:\/\/www.viscardi.ch\/USA2024\/?page_id=1598"},"modified":"2024-08-26T15:06:10","modified_gmt":"2024-08-26T15:06:10","slug":"sehenswuerdigkeit-yyyy","status":"publish","type":"page","link":"https:\/\/www.viscardi.ch\/USA2024\/sehenswuerdigkeit-yyyy\/","title":{"rendered":"D\u00f4le"},"content":{"rendered":"\n<h4 class=\"wp-block-heading\">Referenzen<\/h4>\n\n\n\n<p><a href=\"https:\/\/www.doletourisme.fr\/de\/\">Dole Tourisme<\/a><\/p>\n\n\n\n<h4 class=\"wp-block-heading\">Einleitung<\/h4>\n\n\n\n<p>Nur f\u00fcr Sie : Dole ! W\u00e4hrend Sie im Jura sind, wollen Sie sicherstellen, dass Sie nichts in Dole verpasst? Um Ihnen bei der Auswahl Ihres Besuchs zu helfen, haben wir f\u00fcr Sie unsere &#8222;Muss&#8220; ausgew\u00e4hlt, um das Beste aus Ihrem Aufenthalt zu machen!<\/p>\n\n\n<div class=\"wp-block-image\">\n<figure class=\"aligncenter size-large is-resized\"><img loading=\"lazy\" decoding=\"async\" width=\"849\" height=\"1024\" src=\"https:\/\/www.viscardi.ch\/USA2024\/wp-content\/uploads\/2024\/08\/image-3-849x1024.png\" alt=\"\" class=\"wp-image-1688\" style=\"width:547px;height:auto\" srcset=\"https:\/\/www.viscardi.ch\/USA2024\/wp-content\/uploads\/2024\/08\/image-3-849x1024.png 849w, https:\/\/www.viscardi.ch\/USA2024\/wp-content\/uploads\/2024\/08\/image-3-249x300.png 249w, https:\/\/www.viscardi.ch\/USA2024\/wp-content\/uploads\/2024\/08\/image-3-768x927.png 768w, https:\/\/www.viscardi.ch\/USA2024\/wp-content\/uploads\/2024\/08\/image-3-1273x1536.png 1273w, https:\/\/www.viscardi.ch\/USA2024\/wp-content\/uploads\/2024\/08\/image-3-1697x2048.png 1697w, https:\/\/www.viscardi.ch\/USA2024\/wp-content\/uploads\/2024\/08\/image-3-1000x1207.png 1000w, https:\/\/www.viscardi.ch\/USA2024\/wp-content\/uploads\/2024\/08\/image-3-230x278.png 230w, https:\/\/www.viscardi.ch\/USA2024\/wp-content\/uploads\/2024\/08\/image-3-350x422.png 350w, https:\/\/www.viscardi.ch\/USA2024\/wp-content\/uploads\/2024\/08\/image-3-480x579.png 480w, https:\/\/www.viscardi.ch\/USA2024\/wp-content\/uploads\/2024\/08\/image-3.png 1936w\" sizes=\"(max-width: 849px) 100vw, 849px\" \/><\/figure><\/div>\n\n\n<h4 class=\"wp-block-heading\">Sehensw\u00fcrdigkeiten<\/h4>\n\n\n\n<figure class=\"wp-block-image size-large\"><img loading=\"lazy\" decoding=\"async\" width=\"1024\" height=\"978\" src=\"https:\/\/www.viscardi.ch\/USA2024\/wp-content\/uploads\/2024\/08\/image-6-1024x978.png\" alt=\"\" class=\"wp-image-1704\" srcset=\"https:\/\/www.viscardi.ch\/USA2024\/wp-content\/uploads\/2024\/08\/image-6-1024x978.png 1024w, https:\/\/www.viscardi.ch\/USA2024\/wp-content\/uploads\/2024\/08\/image-6-300x287.png 300w, https:\/\/www.viscardi.ch\/USA2024\/wp-content\/uploads\/2024\/08\/image-6-768x734.png 768w, https:\/\/www.viscardi.ch\/USA2024\/wp-content\/uploads\/2024\/08\/image-6-1536x1467.png 1536w, https:\/\/www.viscardi.ch\/USA2024\/wp-content\/uploads\/2024\/08\/image-6-1000x955.png 1000w, https:\/\/www.viscardi.ch\/USA2024\/wp-content\/uploads\/2024\/08\/image-6-230x220.png 230w, https:\/\/www.viscardi.ch\/USA2024\/wp-content\/uploads\/2024\/08\/image-6-350x334.png 350w, https:\/\/www.viscardi.ch\/USA2024\/wp-content\/uploads\/2024\/08\/image-6-480x459.png 480w, https:\/\/www.viscardi.ch\/USA2024\/wp-content\/uploads\/2024\/08\/image-6.png 2016w\" sizes=\"(max-width: 1024px) 100vw, 1024px\" \/><\/figure>\n\n\n\n<ul class=\"wp-block-list\">\n<li>Maison Natale de Louis Pasteur<\/li>\n\n\n\n<li>Museee des Beaux Arts<\/li>\n\n\n\n<li>Circuit du Chat Perche\u00e9<\/li>\n\n\n\n<li>Collegiale Notre Dame de Dole<\/li>\n\n\n\n<li>Hotel Dieu<\/li>\n\n\n\n<li>Les Fresques Murale de Personnages c\u00e9l\u00e8bres de Dole<\/li>\n<\/ul>\n\n\n\n<hr class=\"wp-block-separator has-alpha-channel-opacity\"\/>\n\n\n\n<h4 class=\"wp-block-heading\"><a href=\"https:\/\/www.doletourisme.fr\/de\/sehenswurdigkeiten,circuit-du-chat-perche-in-dole,DDPCUBFC039318005986.htm\">Circuit de Chat Perch\u00e9<\/a><\/h4>\n\n\n\n<p>Lassen Sie sich durch die Stadt von eleganten Messingschildern die Katze auf dem Baum f\u00fchren. Rundgang von etwa 4 Kilometern, auf dem Boden abgesteckt, um im eigenen Rhythmus und nach Lust und Laune verborgene Sch\u00e4tze zu entdecken. M\u00f6glichkeit, ihn in Papierform bei Dole Tourisme mit einem Pfand von 1 \u20ac abzuholen.<\/p>\n\n\n\n<p>ChatGPT: Der &#8222;Circuit de Chat Perch\u00e9&#8220; in Dole ist ein Rundweg, der verschiedene st\u00e4dtische Katzenskulpturen und Kunstwerke entlang der Route pr\u00e4sentiert. Die Dauer, um den gesamten Rundweg zu absolvieren, h\u00e4ngt von Ihrem Tempo ab und davon, wie lange Sie sich jedes Kunstwerk anschauen m\u00f6chten. In der Regel dauert es etwa 1 bis 2 Stunden, um den gesamten &#8222;Circuit de Chat Perch\u00e9&#8220; zu absolvieren.<\/p>\n\n\n\n<div class=\"wp-block-buttons has-custom-font-size has-small-font-size is-horizontal is-content-justification-center is-nowrap is-layout-flex wp-container-core-buttons-is-layout-1 wp-block-buttons-is-layout-flex\">\n<div class=\"wp-block-button\"><a class=\"wp-block-button__link wp-element-button\" href=\"https:\/\/www.viscardi.ch\/USA2024\/wp-content\/uploads\/2024\/08\/Dole-Circuit-de-Chat-Perche.pdf\">PDF<\/a><\/div>\n<\/div>\n\n\n<div class=\"wp-block-image\">\n<figure class=\"aligncenter size-full is-resized\"><img loading=\"lazy\" decoding=\"async\" width=\"426\" height=\"412\" src=\"https:\/\/www.viscardi.ch\/USA2024\/wp-content\/uploads\/2024\/08\/image-5.png\" alt=\"\" class=\"wp-image-1690\" style=\"width:163px;height:auto\" srcset=\"https:\/\/www.viscardi.ch\/USA2024\/wp-content\/uploads\/2024\/08\/image-5.png 426w, https:\/\/www.viscardi.ch\/USA2024\/wp-content\/uploads\/2024\/08\/image-5-300x290.png 300w, https:\/\/www.viscardi.ch\/USA2024\/wp-content\/uploads\/2024\/08\/image-5-230x222.png 230w, https:\/\/www.viscardi.ch\/USA2024\/wp-content\/uploads\/2024\/08\/image-5-350x338.png 350w\" sizes=\"(max-width: 426px) 100vw, 426px\" \/><\/figure><\/div>\n\n\n<figure class=\"wp-block-image size-large\"><img loading=\"lazy\" decoding=\"async\" width=\"1024\" height=\"675\" src=\"https:\/\/www.viscardi.ch\/USA2024\/wp-content\/uploads\/2024\/08\/image-4-1024x675.png\" alt=\"\" class=\"wp-image-1689\" srcset=\"https:\/\/www.viscardi.ch\/USA2024\/wp-content\/uploads\/2024\/08\/image-4-1024x675.png 1024w, https:\/\/www.viscardi.ch\/USA2024\/wp-content\/uploads\/2024\/08\/image-4-300x198.png 300w, https:\/\/www.viscardi.ch\/USA2024\/wp-content\/uploads\/2024\/08\/image-4-768x506.png 768w, https:\/\/www.viscardi.ch\/USA2024\/wp-content\/uploads\/2024\/08\/image-4-1000x659.png 1000w, https:\/\/www.viscardi.ch\/USA2024\/wp-content\/uploads\/2024\/08\/image-4-230x152.png 230w, https:\/\/www.viscardi.ch\/USA2024\/wp-content\/uploads\/2024\/08\/image-4-350x231.png 350w, https:\/\/www.viscardi.ch\/USA2024\/wp-content\/uploads\/2024\/08\/image-4-480x317.png 480w, https:\/\/www.viscardi.ch\/USA2024\/wp-content\/uploads\/2024\/08\/image-4.png 1386w\" sizes=\"(max-width: 1024px) 100vw, 1024px\" \/><\/figure>\n","protected":false},"excerpt":{"rendered":"<p>Referenzen Dole Tourisme Einleitung Nur f\u00fcr Sie : Dole ! W\u00e4hrend Sie im Jura sind, wollen Sie sicherstellen, dass Sie nichts in Dole verpasst? Um Ihnen bei der Auswahl Ihres Besuchs zu helfen, haben wir f\u00fcr Sie unsere &#8222;Muss&#8220; ausgew\u00e4hlt, um das Beste aus Ihrem Aufenthalt zu machen! Sehensw\u00fcrdigkeiten Circuit [&hellip;]<\/p>\n","protected":false},"author":1,"featured_media":1706,"parent":0,"menu_order":0,"comment_status":"closed","ping_status":"closed","template":"","meta":{"pgc_sgb_lightbox_settings":"","footnotes":""},"class_list":["post-1598","page","type-page","status-publish","has-post-thumbnail","hentry"],"_links":{"self":[{"href":"https:\/\/www.viscardi.ch\/USA2024\/wp-json\/wp\/v2\/pages\/1598"}],"collection":[{"href":"https:\/\/www.viscardi.ch\/USA2024\/wp-json\/wp\/v2\/pages"}],"about":[{"href":"https:\/\/www.viscardi.ch\/USA2024\/wp-json\/wp\/v2\/types\/page"}],"author":[{"embeddable":true,"href":"https:\/\/www.viscardi.ch\/USA2024\/wp-json\/wp\/v2\/users\/1"}],"replies":[{"embeddable":true,"href":"https:\/\/www.viscardi.ch\/USA2024\/wp-json\/wp\/v2\/comments?post=1598"}],"version-history":[{"count":5,"href":"https:\/\/www.viscardi.ch\/USA2024\/wp-json\/wp\/v2\/pages\/1598\/revisions"}],"predecessor-version":[{"id":1705,"href":"https:\/\/www.viscardi.ch\/USA2024\/wp-json\/wp\/v2\/pages\/1598\/revisions\/1705"}],"wp:featuredmedia":[{"embeddable":true,"href":"https:\/\/www.viscardi.ch\/USA2024\/wp-json\/wp\/v2\/media\/1706"}],"wp:attachment":[{"href":"https:\/\/www.viscardi.ch\/USA2024\/wp-json\/wp\/v2\/media?parent=1598"}],"curies":[{"name":"wp","href":"https:\/\/api.w.org\/{rel}","templated":true}]}}