{"id":1609,"date":"2024-08-25T14:33:06","date_gmt":"2024-08-25T14:33:06","guid":{"rendered":"https:\/\/www.viscardi.ch\/USA2024\/?page_id=1609"},"modified":"2024-08-26T20:12:56","modified_gmt":"2024-08-26T20:12:56","slug":"stay-zzzzz","status":"publish","type":"page","link":"https:\/\/www.viscardi.ch\/USA2024\/stay-zzzzz\/","title":{"rendered":"\ud83c\udfe8 Iguerande"},"content":{"rendered":"\n<div class=\"wp-block-buttons is-layout-flex wp-block-buttons-is-layout-flex\">\n<div class=\"wp-block-button has-custom-width wp-block-button__width-100\"><a class=\"wp-block-button__link wp-element-button\">HIGHLIGHT<\/a><\/div>\n<\/div>\n\n\n\n<div class=\"wp-block-buttons is-layout-flex wp-block-buttons-is-layout-flex\">\n<div class=\"wp-block-button has-custom-width wp-block-button__width-100 is-style-fill\"><a class=\"wp-block-button__link has-vivid-green-cyan-background-color has-background wp-element-button\">STORNIERBAR GEBUCHT (&lt;7.9., 23:59)<\/a><\/div>\n<\/div>\n\n\n\n<h2 class=\"wp-block-heading\">Referenzen<\/h2>\n\n\n\n<p><a href=\"https:\/\/secure.booking.com\/confirmation.de.html?label=gen173nr-1FCAEoggI46AdIB1gEaCyIAQGYAQe4AQfIAQzYAQHoAQH4AQKIAgGoAgO4AprmsbYGwAIB0gIkN2M5ZDdkNWYtNjI0MS00NzgxLWI0YmYtZTU2NTZkZjE3MDU12AIF4AIB&amp;sid=4d638770ccde00c4f4b5cd0730bba896&amp;aid=304142&amp;auth_key=SOX3VLapjFLenz9D&amp;source=mytrips\">Booking.com<\/a><\/p>\n\n\n\n<h2 class=\"wp-block-heading\"><a href=\"https:\/\/www.booking.com\/hotel\/fr\/clos-marie-iguerande.de.html?label=gen173nr-1FCAEoggI46AdIB1gEaCyIAQGYAQe4AQfIAQzYAQHoAQH4AQKIAgGoAgO4AprmsbYGwAIB0gIkN2M5ZDdkNWYtNjI0MS00NzgxLWI0YmYtZTU2NTZkZjE3MDU12AIF4AIB&amp;sid=4d638770ccde00c4f4b5cd0730bba896&amp;aid=304142\">Unterkunft<\/a><\/h2>\n\n\n\n<p>Die Unterkunft CLOS MARIE, die in Iguerande, 23 km von The Scarab\u00e9e entfernt gelegen ist, verf\u00fcgt \u00fcber \u00dcbernachtungsm\u00f6glichkeiten mit kostenlosen Fahrr\u00e4dern, einem kostenlosen Privatparkplatz, einem saisonalen Au\u00dfenpool und einem Garten. Neben einer Gemeinschaftslounge verf\u00fcgt die Unterkunft au\u00dferdem \u00fcber eine Terrasse sowie eine Bar. Die allergikerfreundliche Unterkunft ist 20 km von House of crafts entfernt gelegen. <\/p>\n\n\n\n<p>In der Unterkunft CLOS MARIE ist jedes Zimmer ausgestattet mit einem Kleiderschrank. Es gibt ein eigenes Badezimmer mit einer Dusche und kostenlosen Pflegeprodukten \u2013 Zimmer bieten den G\u00e4sten in der Unterkunft CLOS MARIE au\u00dferdem kostenloses WLAN und einige Zimmer sind bereichert mit Poolblick. In der Unterkunft CLOS MARIE ist jedes Zimmer versehen mit Bettw\u00e4sche und Handt\u00fcchern. <\/p>\n\n\n\n<p>In der Unterkunft CLOS MARIE finden Sie ein Restaurant, das franz\u00f6sische K\u00fcche serviert. Auf Anfrage gibt es auch vegetarische, milchfreie und vegane Optionen. <\/p>\n\n\n<div class=\"pgc-sgb-cb wp-block-pgcsimplygalleryblock-justified \" data-gallery-id=\"fd936532\"><div class=\"sgb-preloader\" id=\"pr_fd936532\">\n\t<div class=\"sgb-square\" style=\"background:#d4d4d4\"><\/div>\n\t<div class=\"sgb-square\" style=\"background:#d4d4d4\"><\/div>\n\t<div class=\"sgb-square\" style=\"background:#d4d4d4\"><\/div>\n\t<div class=\"sgb-square\" style=\"background:#d4d4d4\"><\/div><\/div><div class=\"simply-gallery-amp pgc_sgb_slider \" style=\"display: none;\"><div class=\"sgb-gallery\"><div class=\"sgb-item\"><a href=\"https:\/\/www.viscardi.ch\/USA2024\/stay-zzzzz\/attachment\/579752524\/\" target=\"_blank\"><img decoding=\"async\" alt=\"\" width=\"300\" height=\"300\" loading=\"lazy\" src=\"https:\/\/www.viscardi.ch\/USA2024\/wp-content\/uploads\/2024\/08\/579752524-300x300.jpg\" srcset=\"https:\/\/www.viscardi.ch\/USA2024\/wp-content\/uploads\/2024\/08\/579752524-300x300.jpg 300w,https:\/\/www.viscardi.ch\/USA2024\/wp-content\/uploads\/2024\/08\/579752524.jpg 900w\" sizes=\"250px\"\/><\/a><\/div><div class=\"sgb-item\"><a href=\"https:\/\/www.viscardi.ch\/USA2024\/stay-zzzzz\/attachment\/579752537\/\" target=\"_blank\"><img decoding=\"async\" alt=\"\" width=\"300\" height=\"300\" loading=\"lazy\" src=\"https:\/\/www.viscardi.ch\/USA2024\/wp-content\/uploads\/2024\/08\/579752537-300x300.jpg\" srcset=\"https:\/\/www.viscardi.ch\/USA2024\/wp-content\/uploads\/2024\/08\/579752537-300x300.jpg 300w,https:\/\/www.viscardi.ch\/USA2024\/wp-content\/uploads\/2024\/08\/579752537.jpg 900w\" sizes=\"250px\"\/><\/a><\/div><div class=\"sgb-item\"><a href=\"https:\/\/www.viscardi.ch\/USA2024\/stay-zzzzz\/attachment\/579752527\/\" target=\"_blank\"><img decoding=\"async\" alt=\"\" width=\"300\" height=\"169\" loading=\"lazy\" src=\"https:\/\/www.viscardi.ch\/USA2024\/wp-content\/uploads\/2024\/08\/579752527-300x169.jpg\" srcset=\"https:\/\/www.viscardi.ch\/USA2024\/wp-content\/uploads\/2024\/08\/579752527-300x169.jpg 300w,https:\/\/www.viscardi.ch\/USA2024\/wp-content\/uploads\/2024\/08\/579752527-1024x576.jpg 1024w,https:\/\/www.viscardi.ch\/USA2024\/wp-content\/uploads\/2024\/08\/579752527.jpg 1280w\" sizes=\"250px\"\/><\/a><\/div><div class=\"sgb-item\"><a href=\"https:\/\/www.viscardi.ch\/USA2024\/stay-zzzzz\/undefined\/\" target=\"_blank\"><img decoding=\"async\" alt=\"Bildergalerie dieser Unterkunft\" width=\"300\" height=\"200\" loading=\"lazy\" src=\"https:\/\/www.viscardi.ch\/USA2024\/wp-content\/uploads\/2024\/08\/image-2-300x200.jpeg\" srcset=\"https:\/\/www.viscardi.ch\/USA2024\/wp-content\/uploads\/2024\/08\/image-2-300x200.jpeg 300w,https:\/\/www.viscardi.ch\/USA2024\/wp-content\/uploads\/2024\/08\/image-2-1024x682.jpeg 1024w,https:\/\/www.viscardi.ch\/USA2024\/wp-content\/uploads\/2024\/08\/image-2.jpeg 1280w\" sizes=\"250px\"\/><\/a><\/div><div class=\"sgb-item\"><a href=\"https:\/\/www.viscardi.ch\/USA2024\/stay-zzzzz\/attachment\/579752542\/\" target=\"_blank\"><img decoding=\"async\" alt=\"\" width=\"300\" height=\"212\" loading=\"lazy\" src=\"https:\/\/www.viscardi.ch\/USA2024\/wp-content\/uploads\/2024\/08\/579752542-300x212.jpg\" srcset=\"https:\/\/www.viscardi.ch\/USA2024\/wp-content\/uploads\/2024\/08\/579752542-300x212.jpg 300w,https:\/\/www.viscardi.ch\/USA2024\/wp-content\/uploads\/2024\/08\/579752542-1024x725.jpg 1024w,https:\/\/www.viscardi.ch\/USA2024\/wp-content\/uploads\/2024\/08\/579752542.jpg 1272w\" sizes=\"250px\"\/><\/a><\/div><\/div><\/div><script type=\"application\/json\" class=\"sgb-data\">{\"galleryType\":\"pgc_sgb_justified\",\"galleryId\":\"fd936532\",\"images\":[{\"id\":1729,\"title\":\"579752524\",\"url\":\"https:\/\/www.viscardi.ch\/USA2024\/wp-content\/uploads\/2024\/08\/579752524.jpg\",\"link\":\"https:\/\/www.viscardi.ch\/USA2024\/stay-zzzzz\/attachment\/579752524\/\",\"alt\":\"\",\"description\":\"\",\"caption\":\"\",\"mime\":\"image\/jpeg\",\"type\":\"image\",\"width\":900,\"height\":900,\"sizes\":{\"thumbnail\":{\"height\":150,\"width\":150,\"url\":\"https:\/\/www.viscardi.ch\/USA2024\/wp-content\/uploads\/2024\/08\/579752524-150x150.jpg\",\"orientation\":\"landscape\"},\"medium\":{\"height\":300,\"width\":300,\"url\":\"https:\/\/www.viscardi.ch\/USA2024\/wp-content\/uploads\/2024\/08\/579752524-300x300.jpg\",\"orientation\":\"landscape\"},\"full\":{\"url\":\"https:\/\/www.viscardi.ch\/USA2024\/wp-content\/uploads\/2024\/08\/579752524.jpg\",\"height\":900,\"width\":900,\"orientation\":\"landscape\"}},\"imageMeta\":{\"aperture\":\"0\",\"credit\":\"\",\"camera\":\"\",\"caption\":\"\",\"created_timestamp\":\"0\",\"copyright\":\"\",\"focal_length\":\"0\",\"iso\":\"0\",\"shutter_speed\":\"0\",\"title\":\"\",\"orientation\":\"0\",\"keywords\":[]},\"meta\":false,\"postlink\":\"https:\/\/www.viscardi.ch\/USA2024\/stay-zzzzz\/attachment\/579752524\/\"},{\"id\":1730,\"title\":\"579752537\",\"url\":\"https:\/\/www.viscardi.ch\/USA2024\/wp-content\/uploads\/2024\/08\/579752537.jpg\",\"link\":\"https:\/\/www.viscardi.ch\/USA2024\/stay-zzzzz\/attachment\/579752537\/\",\"alt\":\"\",\"description\":\"\",\"caption\":\"\",\"mime\":\"image\/jpeg\",\"type\":\"image\",\"width\":900,\"height\":900,\"sizes\":{\"thumbnail\":{\"height\":150,\"width\":150,\"url\":\"https:\/\/www.viscardi.ch\/USA2024\/wp-content\/uploads\/2024\/08\/579752537-150x150.jpg\",\"orientation\":\"landscape\"},\"medium\":{\"height\":300,\"width\":300,\"url\":\"https:\/\/www.viscardi.ch\/USA2024\/wp-content\/uploads\/2024\/08\/579752537-300x300.jpg\",\"orientation\":\"landscape\"},\"full\":{\"url\":\"https:\/\/www.viscardi.ch\/USA2024\/wp-content\/uploads\/2024\/08\/579752537.jpg\",\"height\":900,\"width\":900,\"orientation\":\"landscape\"}},\"imageMeta\":{\"aperture\":\"0\",\"credit\":\"\",\"camera\":\"\",\"caption\":\"\",\"created_timestamp\":\"0\",\"copyright\":\"\",\"focal_length\":\"0\",\"iso\":\"0\",\"shutter_speed\":\"0\",\"title\":\"\",\"orientation\":\"0\",\"keywords\":[]},\"meta\":false,\"postlink\":\"https:\/\/www.viscardi.ch\/USA2024\/stay-zzzzz\/attachment\/579752537\/\"},{\"id\":1731,\"title\":\"579752527\",\"url\":\"https:\/\/www.viscardi.ch\/USA2024\/wp-content\/uploads\/2024\/08\/579752527.jpg\",\"link\":\"https:\/\/www.viscardi.ch\/USA2024\/stay-zzzzz\/attachment\/579752527\/\",\"alt\":\"\",\"description\":\"\",\"caption\":\"\",\"mime\":\"image\/jpeg\",\"type\":\"image\",\"width\":1280,\"height\":720,\"sizes\":{\"thumbnail\":{\"height\":150,\"width\":150,\"url\":\"https:\/\/www.viscardi.ch\/USA2024\/wp-content\/uploads\/2024\/08\/579752527-150x150.jpg\",\"orientation\":\"landscape\"},\"medium\":{\"height\":169,\"width\":300,\"url\":\"https:\/\/www.viscardi.ch\/USA2024\/wp-content\/uploads\/2024\/08\/579752527-300x169.jpg\",\"orientation\":\"landscape\"},\"large\":{\"height\":576,\"width\":1024,\"url\":\"https:\/\/www.viscardi.ch\/USA2024\/wp-content\/uploads\/2024\/08\/579752527-1024x576.jpg\",\"orientation\":\"landscape\"},\"full\":{\"url\":\"https:\/\/www.viscardi.ch\/USA2024\/wp-content\/uploads\/2024\/08\/579752527.jpg\",\"height\":720,\"width\":1280,\"orientation\":\"landscape\"}},\"imageMeta\":{\"aperture\":\"0\",\"credit\":\"\",\"camera\":\"\",\"caption\":\"\",\"created_timestamp\":\"0\",\"copyright\":\"\",\"focal_length\":\"0\",\"iso\":\"0\",\"shutter_speed\":\"0\",\"title\":\"\",\"orientation\":\"0\",\"keywords\":[]},\"meta\":false,\"postlink\":\"https:\/\/www.viscardi.ch\/USA2024\/stay-zzzzz\/attachment\/579752527\/\"},{\"id\":1728,\"title\":\"undefined\",\"url\":\"https:\/\/www.viscardi.ch\/USA2024\/wp-content\/uploads\/2024\/08\/image-2.jpeg\",\"link\":\"https:\/\/www.viscardi.ch\/USA2024\/stay-zzzzz\/undefined\/\",\"alt\":\"Bildergalerie dieser Unterkunft\",\"description\":\"\",\"caption\":\"\",\"mime\":\"image\/jpeg\",\"type\":\"image\",\"width\":1280,\"height\":853,\"sizes\":{\"thumbnail\":{\"height\":150,\"width\":150,\"url\":\"https:\/\/www.viscardi.ch\/USA2024\/wp-content\/uploads\/2024\/08\/image-2-150x150.jpeg\",\"orientation\":\"landscape\"},\"medium\":{\"height\":200,\"width\":300,\"url\":\"https:\/\/www.viscardi.ch\/USA2024\/wp-content\/uploads\/2024\/08\/image-2-300x200.jpeg\",\"orientation\":\"landscape\"},\"large\":{\"height\":682,\"width\":1024,\"url\":\"https:\/\/www.viscardi.ch\/USA2024\/wp-content\/uploads\/2024\/08\/image-2-1024x682.jpeg\",\"orientation\":\"landscape\"},\"full\":{\"url\":\"https:\/\/www.viscardi.ch\/USA2024\/wp-content\/uploads\/2024\/08\/image-2.jpeg\",\"height\":853,\"width\":1280,\"orientation\":\"landscape\"}},\"imageMeta\":{\"aperture\":\"0\",\"credit\":\"\",\"camera\":\"\",\"caption\":\"\",\"created_timestamp\":\"0\",\"copyright\":\"\",\"focal_length\":\"0\",\"iso\":\"0\",\"shutter_speed\":\"0\",\"title\":\"\",\"orientation\":\"0\",\"keywords\":[]},\"meta\":false,\"postlink\":\"https:\/\/www.viscardi.ch\/USA2024\/stay-zzzzz\/undefined\/\"},{\"id\":1732,\"title\":\"579752542\",\"url\":\"https:\/\/www.viscardi.ch\/USA2024\/wp-content\/uploads\/2024\/08\/579752542.jpg\",\"link\":\"https:\/\/www.viscardi.ch\/USA2024\/stay-zzzzz\/attachment\/579752542\/\",\"alt\":\"\",\"description\":\"\",\"caption\":\"\",\"mime\":\"image\/jpeg\",\"type\":\"image\",\"width\":1272,\"height\":900,\"sizes\":{\"thumbnail\":{\"height\":150,\"width\":150,\"url\":\"https:\/\/www.viscardi.ch\/USA2024\/wp-content\/uploads\/2024\/08\/579752542-150x150.jpg\",\"orientation\":\"landscape\"},\"medium\":{\"height\":212,\"width\":300,\"url\":\"https:\/\/www.viscardi.ch\/USA2024\/wp-content\/uploads\/2024\/08\/579752542-300x212.jpg\",\"orientation\":\"landscape\"},\"large\":{\"height\":725,\"width\":1024,\"url\":\"https:\/\/www.viscardi.ch\/USA2024\/wp-content\/uploads\/2024\/08\/579752542-1024x725.jpg\",\"orientation\":\"landscape\"},\"full\":{\"url\":\"https:\/\/www.viscardi.ch\/USA2024\/wp-content\/uploads\/2024\/08\/579752542.jpg\",\"height\":900,\"width\":1272,\"orientation\":\"landscape\"}},\"imageMeta\":{\"aperture\":\"0\",\"credit\":\"\",\"camera\":\"\",\"caption\":\"\",\"created_timestamp\":\"0\",\"copyright\":\"\",\"focal_length\":\"0\",\"iso\":\"0\",\"shutter_speed\":\"0\",\"title\":\"\",\"orientation\":\"0\",\"keywords\":[]},\"meta\":false,\"postlink\":\"https:\/\/www.viscardi.ch\/USA2024\/stay-zzzzz\/attachment\/579752542\/\"}],\"itemsMetaDataCollection\":[]}<\/script><script>(function(){if(window.PGC_SGB && window.PGC_SGB.searcher){window.PGC_SGB.searcher.initBlocks()}})()<\/script><\/div>\n\n\n<h2 class=\"wp-block-heading\">Buchung<\/h2>\n\n\n\n<figure class=\"wp-block-image size-large\"><img loading=\"lazy\" decoding=\"async\" width=\"1024\" height=\"800\" src=\"https:\/\/www.viscardi.ch\/USA2024\/wp-content\/uploads\/2024\/08\/image-12-1024x800.png\" alt=\"\" class=\"wp-image-1727\" srcset=\"https:\/\/www.viscardi.ch\/USA2024\/wp-content\/uploads\/2024\/08\/image-12-1024x800.png 1024w, https:\/\/www.viscardi.ch\/USA2024\/wp-content\/uploads\/2024\/08\/image-12-300x234.png 300w, https:\/\/www.viscardi.ch\/USA2024\/wp-content\/uploads\/2024\/08\/image-12-768x600.png 768w, https:\/\/www.viscardi.ch\/USA2024\/wp-content\/uploads\/2024\/08\/image-12-1000x781.png 1000w, https:\/\/www.viscardi.ch\/USA2024\/wp-content\/uploads\/2024\/08\/image-12-230x180.png 230w, https:\/\/www.viscardi.ch\/USA2024\/wp-content\/uploads\/2024\/08\/image-12-350x273.png 350w, https:\/\/www.viscardi.ch\/USA2024\/wp-content\/uploads\/2024\/08\/image-12-480x375.png 480w, https:\/\/www.viscardi.ch\/USA2024\/wp-content\/uploads\/2024\/08\/image-12.png 1452w\" sizes=\"(max-width: 1024px) 100vw, 1024px\" \/><\/figure>\n\n\n\n<h2 class=\"wp-block-heading\">Bemerkungen<\/h2>\n\n\n\n<blockquote class=\"wp-block-quote is-layout-flow wp-block-quote-is-layout-flow\">\n<p>Etwas teurer &#8211; aber zum Start unserer Herbstferien als Highlight top!<\/p>\n<\/blockquote>\n","protected":false},"excerpt":{"rendered":"<p>Referenzen Booking.com Unterkunft Die Unterkunft CLOS MARIE, die in Iguerande, 23 km von The Scarab\u00e9e entfernt gelegen ist, verf\u00fcgt \u00fcber \u00dcbernachtungsm\u00f6glichkeiten mit kostenlosen Fahrr\u00e4dern, einem kostenlosen Privatparkplatz, einem saisonalen Au\u00dfenpool und einem Garten. Neben einer Gemeinschaftslounge verf\u00fcgt die Unterkunft au\u00dferdem \u00fcber eine Terrasse sowie eine Bar. Die allergikerfreundliche Unterkunft ist [&hellip;]<\/p>\n","protected":false},"author":1,"featured_media":1647,"parent":0,"menu_order":0,"comment_status":"closed","ping_status":"closed","template":"","meta":{"pgc_sgb_lightbox_settings":"","footnotes":""},"class_list":["post-1609","page","type-page","status-publish","has-post-thumbnail","hentry"],"_links":{"self":[{"href":"https:\/\/www.viscardi.ch\/USA2024\/wp-json\/wp\/v2\/pages\/1609"}],"collection":[{"href":"https:\/\/www.viscardi.ch\/USA2024\/wp-json\/wp\/v2\/pages"}],"about":[{"href":"https:\/\/www.viscardi.ch\/USA2024\/wp-json\/wp\/v2\/types\/page"}],"author":[{"embeddable":true,"href":"https:\/\/www.viscardi.ch\/USA2024\/wp-json\/wp\/v2\/users\/1"}],"replies":[{"embeddable":true,"href":"https:\/\/www.viscardi.ch\/USA2024\/wp-json\/wp\/v2\/comments?post=1609"}],"version-history":[{"count":6,"href":"https:\/\/www.viscardi.ch\/USA2024\/wp-json\/wp\/v2\/pages\/1609\/revisions"}],"predecessor-version":[{"id":1797,"href":"https:\/\/www.viscardi.ch\/USA2024\/wp-json\/wp\/v2\/pages\/1609\/revisions\/1797"}],"wp:featuredmedia":[{"embeddable":true,"href":"https:\/\/www.viscardi.ch\/USA2024\/wp-json\/wp\/v2\/media\/1647"}],"wp:attachment":[{"href":"https:\/\/www.viscardi.ch\/USA2024\/wp-json\/wp\/v2\/media?parent=1609"}],"curies":[{"name":"wp","href":"https:\/\/api.w.org\/{rel}","templated":true}]}}