{"id":1614,"date":"2024-08-25T14:35:34","date_gmt":"2024-08-25T14:35:34","guid":{"rendered":"https:\/\/www.viscardi.ch\/USA2024\/?page_id=1614"},"modified":"2024-08-27T07:30:29","modified_gmt":"2024-08-27T07:30:29","slug":"route-yyyyyy","status":"publish","type":"page","link":"https:\/\/www.viscardi.ch\/USA2024\/route-yyyyyy\/","title":{"rendered":"ROUTE 240915"},"content":{"rendered":"\n<figure class=\"wp-block-table is-style-stripes has-large-font-size\"><table class=\"has-fixed-layout\"><tbody><tr><td>403km<\/td><td>6h15<\/td><td>4 Stopps<\/td><\/tr><\/tbody><\/table><\/figure>\n\n\n\n<iframe src=\"https:\/\/www.google.com\/maps\/embed?pb=!1m52!1m12!1m3!1d1394865.9289389015!2d5.587781999999992!3d46.9352086!2m3!1f0!2f0!3f0!3m2!1i1024!2i768!4f13.1!4m37!3e0!4m5!1s0x4791b9c24e161ce3%3A0xb13fe0f1e327e733!2sHermann%20Albrecht-Strasse%2C%204058%20Basel!3m2!1d47.568301999999996!2d7.6146294999999995!4m5!1s0x478d4b798a725511%3A0x409ce34b3125600!2sDole%2C%2039100%2C%20Frankreich!3m2!1d47.09534!2d5.49081!4m5!1s0x47f30e4b64ab2fe1%3A0xb49ef98b3ed14f59!2sMartailly-l%C3%A8s-Brancion%2C%20Frankreich!3m2!1d46.532042999999994!2d4.801945!4m5!1s0x47f3084e4b75c8c1%3A0xb444ec1c0e18fc74!2sCh%C3%A2teau%20de%20Cormatin%2C%20Grande%20Rue%2C%20Cormatin%2C%20Frankreich!3m2!1d46.543299!2d4.684305999999999!4m5!1s0x47f3fa9e0868f60b%3A0x9e43ebd08436eb70!2sSemur-en-Brionnais%2C%20Frankreich!3m2!1d46.262789!2d4.0888409999999995!4m5!1s0x47f3f757f6e59e79%3A0xee4b4efa7486a2a5!2sIguerande%2C%20Frankreich!3m2!1d46.206398!2d4.0772449!5e0!3m2!1sde!2sch!4v1724692901212!5m2!1sde!2sch\" width=\"800\" height=\"600\" style=\"border:0;\" allowfullscreen=\"\" loading=\"lazy\" referrerpolicy=\"no-referrer-when-downgrade\"><\/iframe>\n\n\n\n<p>Heute fahren wir von Basel in die Gegend von Iguarande. Die Route f\u00fchrt teilweise \u00fcber Land, teilweise \u00fcber die Autobahn:<\/p>\n\n\n\n<figure class=\"wp-block-image size-large\"><img loading=\"lazy\" decoding=\"async\" width=\"1024\" height=\"519\" src=\"https:\/\/www.viscardi.ch\/USA2024\/wp-content\/uploads\/2024\/08\/image-1-1024x519.png\" alt=\"\" class=\"wp-image-1615\" srcset=\"https:\/\/www.viscardi.ch\/USA2024\/wp-content\/uploads\/2024\/08\/image-1-1024x519.png 1024w, https:\/\/www.viscardi.ch\/USA2024\/wp-content\/uploads\/2024\/08\/image-1-300x152.png 300w, https:\/\/www.viscardi.ch\/USA2024\/wp-content\/uploads\/2024\/08\/image-1-768x389.png 768w, https:\/\/www.viscardi.ch\/USA2024\/wp-content\/uploads\/2024\/08\/image-1-1536x779.png 1536w, https:\/\/www.viscardi.ch\/USA2024\/wp-content\/uploads\/2024\/08\/image-1-2048x1038.png 2048w, https:\/\/www.viscardi.ch\/USA2024\/wp-content\/uploads\/2024\/08\/image-1-1000x507.png 1000w, https:\/\/www.viscardi.ch\/USA2024\/wp-content\/uploads\/2024\/08\/image-1-230x117.png 230w, https:\/\/www.viscardi.ch\/USA2024\/wp-content\/uploads\/2024\/08\/image-1-350x177.png 350w, https:\/\/www.viscardi.ch\/USA2024\/wp-content\/uploads\/2024\/08\/image-1-480x243.png 480w\" sizes=\"(max-width: 1024px) 100vw, 1024px\" \/><\/figure>\n\n\n\n<p><\/p>\n\n\n\n<p><\/p>\n","protected":false},"excerpt":{"rendered":"<p>403km 6h15 4 Stopps Heute fahren wir von Basel in die Gegend von Iguarande. Die Route f\u00fchrt teilweise \u00fcber Land, teilweise \u00fcber die Autobahn:<\/p>\n","protected":false},"author":1,"featured_media":0,"parent":0,"menu_order":0,"comment_status":"closed","ping_status":"closed","template":"","meta":{"pgc_sgb_lightbox_settings":"","footnotes":""},"class_list":["post-1614","page","type-page","status-publish","hentry"],"_links":{"self":[{"href":"https:\/\/www.viscardi.ch\/USA2024\/wp-json\/wp\/v2\/pages\/1614"}],"collection":[{"href":"https:\/\/www.viscardi.ch\/USA2024\/wp-json\/wp\/v2\/pages"}],"about":[{"href":"https:\/\/www.viscardi.ch\/USA2024\/wp-json\/wp\/v2\/types\/page"}],"author":[{"embeddable":true,"href":"https:\/\/www.viscardi.ch\/USA2024\/wp-json\/wp\/v2\/users\/1"}],"replies":[{"embeddable":true,"href":"https:\/\/www.viscardi.ch\/USA2024\/wp-json\/wp\/v2\/comments?post=1614"}],"version-history":[{"count":7,"href":"https:\/\/www.viscardi.ch\/USA2024\/wp-json\/wp\/v2\/pages\/1614\/revisions"}],"predecessor-version":[{"id":1821,"href":"https:\/\/www.viscardi.ch\/USA2024\/wp-json\/wp\/v2\/pages\/1614\/revisions\/1821"}],"wp:attachment":[{"href":"https:\/\/www.viscardi.ch\/USA2024\/wp-json\/wp\/v2\/media?parent=1614"}],"curies":[{"name":"wp","href":"https:\/\/api.w.org\/{rel}","templated":true}]}}